= -7*z**3 + z + 2. Let f be a(k). List the prime factors of 386/f - 6/24.
2, 3
Let f = -1 - 1. Let a = f + 6. Suppose 0 = -4*u - 0*p + a*p + 136, 3*u - 108 = -3*p. What are the prime factors of u?
5, 7
Let m(o) = -o - 6 + 6*o + 16*o. Let p be m(4). Suppose -5*q - p + 208 = 0. List the prime factors of q.
2, 13
Suppose 3*v + 2*v - 5 = 0. Let l(u) = 8*u - 1. What are the prime factors of l(v)?
7
Let d be 10*-37 + (2 - -2). List the prime factors of d*(-3 + (1 - 10/(-6))).
2, 61
Let x = -39 + 26. Let u = -8 - x. Let l = u + 10. What are the prime factors of l?
3, 5
What are the prime factors of (-4 + 1)/(-16 + (-129338)/(-8084))?
2, 43, 47
Let h = 791 - 480. List the prime factors of h.
311
Let r(n) = -3*n - 8. Let f be r(-5). Suppose 60 - 809 = -f*g. Let b = 153 - g. What are the prime factors of b?
2, 23
Let d be -8*-1*(-9)/(-6). Let w be 4/d - 128/6. Let q = w - -43. What are the prime factors of q?
2, 11
Let s(n) = -2*n**2 + n + 19. Let w be s(0). Let z = w + 10. What are the prime factors of z?
29
List the prime factors of 2/(-13) + (-55826)/(-26).
19, 113
Suppose 0 = 5*g - 34 + 14. Suppose -g*l + 3*i = -l - 969, 2*i = 0. List the prime factors of l.
17, 19
Suppose -6*c + 10 = -4*c. Suppose 293 = c*l + h, -226 = -4*l + 2*h - 0*h. What are the prime factors of l?
2, 29
Let b = -16 - -10. Let n be (4/b)/((-10)/(-15)). List the prime factors of 7 - (3 + 0 + n).
5
Suppose 0 = 56*w - 47*w - 15561. What are the prime factors of w?
7, 13, 19
Let y = 1082 - 347. List the prime factors of y.
3, 5, 7
Let c = -2614 + 5199. List the prime factors of c.
5, 11, 47
Let g(n) = 3*n**3 + n**2 - 2*n + 4. Let y be g(2). Suppose -r - y = -2*r. Let p = r - -17. What are the prime factors of p?
3, 5
Suppose 3*z = 108 + 102. Let l = 109 - z. What are the prime factors of l?
3, 13
Let a = -93 - -779. Suppose -6*d = -4*d - a. List the prime factors of (-3)/12 - d/(-28).
2, 3
Suppose g + 5*f - 5875 = 0, -4*f - 5854 = -g - 2*f. What are the prime factors of g?
2, 5, 293
Suppose 2*l + g = 3, -1 = l + g - 0. Suppose -l = -v + 20. What are the prime factors of v?
2, 3
Let k(b) = -b**3 - 10*b**2 - 9*b + 9. Let z be k(-9). Let s = -24 + z. Let v = s + 52. What are the prime factors of v?
37
Suppose 14*i - 92 = 10*i. Let m = 22 - i. Let x(d) = -59*d**3 + d**2 + d. What are the prime factors of x(m)?
59
Let v(t) be the third derivative of -t**4/8 + t**3 - 6*t**2. What are the prime factors of v(-18)?
2, 3, 5
Suppose -3*s = 5*v + 6, 0 = 2*v - 0 + 6. Let u = -37 + 62. Suppose 98 = 2*x + 2*g, -s*x + 2*g + u = -107. What are the prime factors of x?
2, 23
List the prime factors of 48/(-8) + (-5)/((-15)/4479).
1487
Suppose 4*j - 35 + 11 = 0. Suppose -j*y + 93 = -39. List the prime factors of y.
2, 11
Suppose -3*b - 134 + 51 = k, 5*b - 5*k = -165. Let z = 66 + b. List the prime factors of z.
37
Let u(k) = -4*k + 5. Let q be u(-4). List the prime factors of ((-2)/(-3))/((q/612)/7).
2, 17
Let o = 32 + -38. List the prime factors of (-130)/(-15) + 4/o.
2
Suppose -c - 1228 = 4*k - 16984, -4*c = 3*k - 11817. List the prime factors of k.
3, 13, 101
Suppose -4*v = -7*v + 5*o + 4749, o = -5*v + 7943. What are the prime factors of v?
2, 397
Suppose 2*p - 8 = -h - 0*h, -3*p + 22 = 4*h. Suppose 0 = h*m - 2*m - 32. Suppose 6*j - 4*j = m. What are the prime factors of j?
2
Suppose -r + 4*r + 402 = 0. Let f = 198 + r. List the prime factors of f.
2
Suppose 2115 + 640 = 3*i + 2*p, 3688 = 4*i - p. List the prime factors of i.
3, 307
Let v(d) = -230*d**3 + 6*d**2 + 7*d + 3. What are the prime factors of v(-2)?
17, 109
Suppose 3*j - 459 = 738. List the prime factors of j.
3, 7, 19
Let r(t) be the second derivative of -t**3/6 + t**2/2 + 6*t. Let o be r(-7). Let k = o + 3. List the prime factors of k.
11
Suppose 2*n = 15 - 13, 505 = u + 4*n. List the prime factors of u.
3, 167
Suppose 53*c - c - 77376 = 0. List the prime factors of c.
2, 3, 31
Let r = 26 + -21. Let u be 4/r*(-35)/(-14). Suppose 2*l - 3*f = 41, 2*l + 5*f - u = -1. What are the prime factors of l?
13
Let u(a) = 65*a**2 + 4 - 3 - 2. Let m be u(-1). Suppose 5*w - 9*w + m = 0. What are the prime factors of w?
2
Suppose 80*j - 3*d - 161 = 78*j, 232 = 3*j + 5*d. What are the prime factors of j?
79
Let r(z) = z**3 + 2*z**2 - 2*z + 61. List the prime factors of r(0).
61
Suppose o - 4*o + 57 = 0. Suppose -i - 11 = -5*b, i = 5*b + 2*i - o. Suppose 5*l = l + 20, 5*l - 88 = -b*m. List the prime factors of m.
3, 7
Suppose 2 - 5 = -d. Suppose 8*o - d*o = -5*p + 210, -4*p = -2*o - 138. What are the prime factors of p?
37
Suppose 5*y + o - 32 = 4*o, 5*y = -o + 16. Suppose y*v - 25 = -5. List the prime factors of v.
5
Let z = 90 + 152. What are the prime factors of z?
2, 11
Let d = 22 + -35. What are the prime factors of ((-32)/(-26))/(-8) - 132/d?
2, 5
Suppose 6*p = 3*p. Suppose 2*z = -2*w + 4, 3*w + 5*z - 6 = -p*w. Suppose -w*l - 9 = -3*l. List the prime factors of l.
3
Suppose -5*q + 2715 = 215. List the prime factors of q.
2, 5
Let l be -8 + (-8)/((-24)/9) - -51. Suppose 3*t + 1 = 2*w, -4*w + 2*t = -3*w + 1. Suppose 5*p = -w*b + 115, 3*p = p - 4*b + l. What are the prime factors of p?
23
Let f(n) = -98*n + 6. Let b be f(-1). Let q = 177 - b. List the prime factors of q.
73
Let b = 8 + 1. Let a = 0 + 1. What are the prime factors of b - (0 + 1)*a?
2
Let c(r) = -r + 3. Let g be c(3). List the prime factors of (-828)/(-9) - (g - 4).
2, 3
Let o = 35 - 28. Suppose -121 = o*j - 1850. What are the prime factors of j?
13, 19
Let u(h) = -h + 155. Let l(x) = x - 4. Let c be l(4). List the prime factors of u(c).
5, 31
Let g be 3 - 1 - 5 - -36. Suppose -g = -v + 12. Let b = v + 1. List the prime factors of b.
2, 23
Let s(g) = g**2 - 15*g - 5. Let p be s(14). Let t(v) = -6*v + 15. What are the prime factors of t(p)?
3, 43
Let s = -6 - -6. Suppose s = -18*y + 16*y + 4. What are the prime factors of y?
2
Let c be (-4)/(-14) - (-208)/7. Let a = -24 + c. Suppose 11*p = a*p + 85. List the prime factors of p.
17
Suppose -527 = 2*l - 1765. List the prime factors of l.
619
Let k(v) = 55*v**2 - 26*v - 124. What are the prime factors of k(-9)?
5, 11, 83
Suppose 27*t - 2761 = 1559. List the prime factors of t.
2, 5
Let u(i) = 140*i**2 - 17*i - 38. What are the prime factors of u(-3)?
19, 67
Suppose c = 5*j - 9, 2*j - 54 = -2*c + 6*c. Suppose -3*i = i - 76. Let h = i + c. What are the prime factors of h?
5
Let z be -1*((0 - 1) + -60). Suppose -4*s = -3*y + z, 0 = -5*y + 3*s + 8 + 90. What are the prime factors of y?
19
Let q(m) = m**3 + 5*m**2 + m + 12. Let z be (-1 - -2)/((-2)/(-4)). Suppose -3*a - 4*c = 31, -5*c - 8 = z*a + 22. List the prime factors of q(a).
7
Let b(t) = 2*t**2 - 14*t - 43. List the prime factors of b(-5).
7, 11
Let k(w) = 2323*w**2 - 2*w - 1. Let x be k(-1). What are the prime factors of (-1)/(4/14 - 692/x)?
83
Suppose 0 = -217*b + 208*b + 11970. What are the prime factors of b?
2, 5, 7, 19
Let z(n) = n**2 - 10*n + 3. Let q(b) = b**2 - 9*b + 3. Let a(f) = -4*q(f) + 5*z(f). What are the prime factors of a(16)?
5, 7
What are the prime factors of (-253 + 20)*(0 - 1)?
233
Let w(c) = 8*c**2 + 10*c - 97. What are the prime factors of w(-18)?
5, 463
Suppose -5*j + 10 = -3*n - 17, -2*j = 2*n + 2. Suppose -2*h + 0*u + 68 = 4*u, -5*u + 98 = j*h. List the prime factors of h.
2, 13
Let a(u) = 14*u**2 + 66*u - 3*u**2 - 71*u. What are the prime factors of a(5)?
2, 5
Suppose 0 = 19*j - 24*j + 1065. Suppose 0 = 3*i - q - j, 444 - 89 = 5*i - 3*q. List the prime factors of i.
71
Let b(m) = 2*m**3 + 11*m**2 - 4*m + 4. Let x be b(-6). Let u(v) = 18*v + v - 4 + 11*v**2 - 2 + v**3. What are the prime factors of u(x)?
2, 17
Suppose 4*x + x = -50. Let u = x - -12. Let v(z) = 2*z**2 + 3*z - 2. What are the prime factors of v(u)?
2, 3
Let o be 48/9*(3/(-12) + -2). Let x(g) = -g**3 - 8*g**2 + 27*g - 14. What are the prime factors of x(o)?
2, 7, 17
Suppose 3*o - 3567 = 2*b + 2*b, -5*b = 0. List the prime factors of o.
29, 41
Suppose 127 = -5*i - 2*n, -5*n = 4*i + 7 + 81. Let g = i - -27. Suppose 0 = -5*r - g*r + 150. List the prime factors of r.
2, 3, 5
List the prime factors of ((-86661)/(-63) - 0) + (-12)/21.
5, 11
Let b(y) be the first derivative of -9*y**2/2 - y - 7. Let i(s) = -s + 6. Let a be i(10). List the prime factors of b(a).
5, 7
Let z = 6792 + -3745. What are the